144. Suppose -3*b + 109 = b + a, 3*a = -2*b + c. Calculate the highest common divisor of b and m.
7
Suppose 0 = 749*v - 754*v. Suppose v = x - 5*z - 43, -33*x - 75 = -34*x - 3*z. Let i be (-2 - (1 - 2))*-14. Calculate the highest common divisor of x and i.
7
Let x be -10 + (-2)/((-8)/(-12)). Let a(m) = -3 - 13*m**2 - m**3 + 2*m - 5*m + 17 + 2*m. Let r be a(x). What is the highest common factor of r and 45?
9
Let p = 2055 + -944. Let d be (-1 - 1)/(1391/(-3939) + 5/15). What is the greatest common divisor of p and d?
101
Let l be ((-2070)/575)/((-1)/8885). What is the highest common divisor of l and 18?
18
Let d be 16/12*((-62)/(-341) - (-784)/44). Let s be (-1 + 4)/((-2)/(-24)). What is the greatest common factor of d and s?
12
Let c = 35 + 4. Suppose 16911 = 240*h + 1529 - 12698. Calculate the greatest common factor of h and c.
39
Let d = 19 + 25. Suppose -5*n = -123 + 98. Suppose 182 = x - 2*v - 0*v, 5*x - n*v = 895. What is the greatest common divisor of x and d?
44
Suppose -3*t - 5*q - 615 = 2*t, -2*t - 238 = -2*q. Let s = t + 133. What is the highest common divisor of s and 12?
12
Let z = 3958 + -3693. What is the highest common factor of 583 and z?
53
Suppose 5*k + 4842 = 23*k. Let u = 317 - k. Calculate the highest common factor of 144 and u.
48
Let t(u) = -u**2 - 15*u + 6. Let q(a) = -23*a + 8. Let w be q(1). Let b be t(w). Suppose b*s - 141 = 15. Calculate the highest common factor of 2 and s.
2
Suppose -5*b + 2820 = -5*y, 4*b - 21*y = -18*y + 2262. Suppose 0 = -4*w - 4*n + 116, -4*w + 2*n + 119 = 3*n. Calculate the highest common factor of b and w.
30
Suppose 71*w - 67*w = -4*g + 9084, -4*w = 3*g - 6816. What is the greatest common factor of 70 and g?
14
Suppose -6*o - 19600 + 20170 = 0. What is the highest common divisor of o and 247?
19
Suppose -2*q = 5*y - 101 - 15, -5*q + 348 = -2*y. What is the highest common factor of 188 and q?
4
Let a(i) = 21*i**2 + 5*i - 135. Let o be a(-12). What is the highest common factor of 23 and o?
23
Let w(p) = p**3 - 18*p**2 + 19*p - 56. Let k be w(17). Let y = -13 - k. Calculate the highest common factor of y and 72.
9
Let d = 1357 - -1373. What is the highest common factor of 300 and d?
30
Let x(p) = p**3 + 42*p**2 - 33*p + 651. Let y be x(-43). Calculate the highest common divisor of 377 and y.
13
Let c(s) = 74*s**2 + 73*s + 224. Let i be c(-3). Calculate the greatest common factor of 33 and i.
11
Let i be 2/(-11) + 1160/88. Suppose -12*w + 60 = 60. Suppose w = -s - 9*s + 390. Calculate the highest common factor of i and s.
13
Let c be (-2)/(-7) - 21/((-882)/4440). What is the highest common factor of c and 4187?
53
Suppose 12*k + 42*k = 35144 - 11168. Calculate the highest common divisor of k and 348.
12
Suppose -27*x - 5*z - 4070 = -32*x, 2*z - 2422 = -3*x. What is the greatest common divisor of 5346 and x?
162
Let s be 5*27*(-1560)/(-936). Calculate the highest common factor of 2550 and s.
75
Let c(a) = -4*a + 24. Let l be c(4). Let n(g) = l*g + 3 + 4 - 17. Let d be n(3). Calculate the greatest common divisor of 70 and d.
14
Suppose 5*z + 469 = -3*j, -24*z - 3*j - 374 = -20*z. Let b be z/(-10)*56 + -7. Calculate the highest common divisor of 150 and b.
75
Let w(i) = -2*i**2 - 21*i + 39*i - i**2 + i**2 - 1. Let y be w(11). Let u be (120/y)/(1/(-12)*2). What is the greatest common factor of 8 and u?
8
Let k be ((-15)/5 - 2)/(185/(-888)). What is the greatest common factor of 464 and k?
8
Let d = 18425 + -16975. Calculate the highest common divisor of d and 100.
50
Let w be ((-33)/(-5))/((-10)/(-100)). Suppose -193*f - w = -196*f. What is the highest common divisor of f and 10?
2
Suppose 580*t - 562*t = 108. Let u = 10 - 6. Suppose 15 = -u*n + 231. Calculate the highest common divisor of n and t.
6
Let i(y) = 27*y**2 - 11*y + 28. Let t be i(3). Let s = t - -169. What is the greatest common divisor of 37 and s?
37
Suppose -42*k = -40*k - 3*g - 3480, -4*k + g = -6950. Calculate the highest common divisor of 386 and k.
193
Suppose 2*x - 3 = 5*x. Let o be 0/2 - x*68. Suppose -2*d - 3*s = -99, -d - 3*d + 206 = -2*s. What is the highest common divisor of d and o?
17
Let f = -8337 - -8482. Calculate the highest common divisor of f and 230.
5
Let c = -19609 + 19617. What is the highest common divisor of 17128 and c?
8
Let m be (-36)/(-44) - 6/(-33). Let x be -2*m*(-2 - -1). Let v be (6/((-12)/14) + -1)/(-1). What is the highest common divisor of x and v?
2
Let o = -4 - -7. Suppose -z + 8 - 20 = -f, 3*f + o*z = 66. Let m = -326 + 377. Calculate the greatest common factor of m and f.
17
Suppose d - 2*v + 0 = 177, 3*d = v + 516. Let r be 2*-1 - (d/(-9) + -10). Calculate the highest common factor of r and 1.
1
Suppose -2*v = -7*v - 3*k - 27, 4*v + 27 = 3*k. Let g(l) = 2*l**2 + 7*l + 10. Let j be g(v). Let s = j + -39. Calculate the highest common divisor of s and 3.
1
Let x be -3 + (-7 - -13) + 13. Calculate the highest common factor of 968 and x.
8
Suppose 0 = -9*i + 9327 + 7736 + 22375. Calculate the greatest common factor of 56 and i.
14
Let a(y) = y. Let j(z) = 5*z - 5. Let h(b) = -6*a(b) + j(b). Let r be h(-9). What is the greatest common factor of r and 44?
4
Let x(t) = -t**2 - 10*t + 2. Let s be x(-6). Suppose -72*b = -68*b - 4*w + 36, 0 = -3*w + 33. What is the greatest common divisor of b and s?
2
Let s(l) = 2*l**3 + 30*l**2 + 23*l + 31. Let g be s(-13). Let b = 460 - g. Calculate the highest common divisor of 13 and b.
13
Let z be 9/(36/(-32))*122/(-8). Let t = -98 + z. Calculate the greatest common factor of t and 128.
8
Let s = 25728 - 13017. Calculate the greatest common divisor of 57 and s.
57
Suppose -683 + 1187 = 8*r. Suppose 12*c = 17*c - 135. What is the highest common factor of c and r?
9
Let v = -60 - -30. Let p be (-1188)/v + (-2)/(-5). Let y = p + -36. What is the greatest common divisor of y and 28?
4
Let u be (-18)/(-18)*-13*9. Let v be (u/(-6) - -6)*44/6. Calculate the highest common factor of 17 and v.
17
Suppose -443 = -16*s + 581. Calculate the highest common divisor of 536 and s.
8
Suppose -2*c - 64 = 4*k, 4*c + 113 + 55 = 2*k. Let r = -38 - c. Suppose -r*i - 10 + 120 = 0. Calculate the greatest common divisor of 220 and i.
55
Suppose -34186 = -6*c + 15*a - 16*a, -22796 = -4*c - 2*a. What is the greatest common factor of c and 211?
211
Let t be -2*(-4 - (-645)/10). Let o = t + 324. Let x = 67 + -38. Calculate the highest common factor of o and x.
29
Suppose 170*v - 90*v = -184*v + 121440. What is the highest common factor of 1104 and v?
92
Suppose 0 = x + 8 - 56. Let n = 206 + -204. Suppose n*g - t - 31 = -2*g, 3*t = 5*g - 37. What is the greatest common factor of g and x?
8
Suppose 1252 - 524 = 8*z. What is the greatest common factor of z and 767?
13
Let m(x) = 12*x**2 + 58*x + 161. Let c be m(-3). Calculate the greatest common divisor of c and 175.
5
Suppose 38*w - 2862 = 11*w. Let g = w + -103. Calculate the highest common divisor of 21 and g.
3
Let j = -135 + 250. Suppose -2*c - 2*v + 88 = 0, -10*c + 11*c - 38 = -4*v. What is the highest common factor of c and j?
23
Let p(a) = -a**3 - 3*a**2 - 6*a - 9. Suppose -7*u - 15 = -2*u. Let n be p(u). Let h be 2/6*293 + 3/n. Calculate the greatest common divisor of h and 28.
14
Let o(v) = 184*v**3 + 2*v**2 + 4*v - 5. Let f be o(1). Suppose 5*c + 19*i - 22*i - f = 0, c - 55 = -3*i. What is the greatest common factor of c and 70?
10
Suppose 0 = 4*s + s - 4*z + 2, 3*s - 15 = -3*z. Suppose 21 = -s*j + 27. Suppose q - 22 - j = 0. What is the greatest common factor of 200 and q?
25
Suppose 294 - 96 = 6*y. Let u = 118 - y. Suppose 54 = -6*c + 258. Calculate the greatest common divisor of u and c.
17
Let s(t) = 2*t**2 - 9*t + 9. Let b be s(8). Let o = b + -43. Let n = -1634 + 1645. What is the highest common divisor of n and o?
11
Let r be 0 + -1 + (30*-1)/6. Let y be (r/(-4))/(6/(-516)). Let w = 254 + y. Calculate the greatest common factor of w and 25.
25
Suppose 4*c + 5*a = 261, 2*c - 3*a - 135 = -10. Suppose -19*x = -c*x + 495. What is the greatest common divisor of 726 and x?
11
Suppose 4*s - 577 - 291 = 4*w, 5*s + w = 1043. Calculate the greatest common factor of 2240 and s.
70
Let c = -214 + 224. Let p be -5 - -3 - (2 - c/1). What is the highest common factor of p and 18?
6
Suppose -120*z = -4*r - 122*z + 1120, -5*r + 1397 = z. Ca